(2 - (0 + 3))?
7
What is the tens digit of 201 + (-21)/(-7)*(-2 - -3)?
0
Let z(w) = -w**2 + 2*w - 7. Let n be z(6). Let b = n - -51. What is the tens digit of b?
2
Suppose -7*z + 576 + 1951 = 0. What is the hundreds digit of z?
3
Suppose 0 = -2*d - 3*d. Suppose d = 3*r + r - 8. Suppose 2*t - 1 = -b, 2*b + 6 = r*t + 20. What is the units digit of b?
5
Let k = -9 - -13. Let f = 2 - k. What is the units digit of f/((-4)/(-14)*-1)?
7
What is the units digit of 2/(30/(-32) - -1)?
2
What is the units digit of 0/4 - (-225)/3?
5
Suppose 4*k - p = 4, -4*k - 2*p + 2 = -7*k. Suppose -3*w + k + 4 = 0. What is the units digit of (w + -1)*(-3 - -6)?
3
Let a = 3 - 2. Suppose 4*m = 13 - a. Suppose 3*c - 1 = m*t + c, 2*t + 5*c = 31. What is the units digit of t?
3
Let k = 22 - 7. What is the tens digit of k?
1
Let m = -73 + 128. What is the tens digit of m?
5
Let b(x) = 8*x**2 - 3*x - 5. Let s be b(-4). Suppose -13*l + 8*l = -s. What is the tens digit of l?
2
Let c(x) = x + 8. Let o be c(-6). Suppose -o*v + 15 = -v. What is the tens digit of v?
1
Let i(h) be the second derivative of 0 + h + 0*h**2 + 1/3*h**3. What is the units digit of i(2)?
4
Let l(g) = g**2 - 5*g - 2. Suppose -2*o - 3*p = -4, 4*o + 5*p = 5 + 5. Let u be l(o). What is the units digit of 2 + (-9)/(-3) + u?
3
Let p be 4*-2*6/(-8). Suppose 2 - p = -2*l. Suppose 0 = -l*f - 2 + 18. What is the units digit of f?
8
Let l(t) = 2*t - 8. Let u be l(7). Let g be u/(-6)*5*1. Let w = g + 8. What is the units digit of w?
3
What is the units digit of 15/((-5)/(6 - 131))?
5
Suppose -4*f = -4, 5*r - 2*r + 196 = 4*f. Let b = -28 - r. What is the units digit of b?
6
Let s = 53 + 5. What is the tens digit of s?
5
What is the tens digit of 30/(-10)*(-22)/6?
1
Suppose -n - 28 = -5*n. What is the units digit of n?
7
Let m = 91 - 65. What is the tens digit of m?
2
Let v = 6 - 11. Let h(z) = z**3 + 4*z**2 - 4*z + 7. What is the units digit of h(v)?
2
Let d = -13 + 9. Let l = -2 - d. Suppose -10 = -0*n - l*n. What is the units digit of n?
5
Let d(n) = -2*n**3 - 2*n**2 - 2*n + 8. What is the units digit of d(-4)?
2
Suppose 0*t - 4*t = -52. Let c = t + -19. What is the units digit of -2*(1 - (-21)/c)?
5
Suppose -12*u + 553 + 767 = 0. What is the hundreds digit of u?
1
Let x(o) = -4*o**2 + 3*o + 7. Let v(k) be the first derivative of -k**3 + 3*k**2/2 + 6*k - 2. Let z(r) = 3*v(r) - 2*x(r). What is the units digit of z(3)?
4
Let l = 22 - 32. Let r(b) = -b + 1. What is the units digit of r(l)?
1
Let p(t) = -t**3 - t**2 + 2*t + 2. Let w be p(-2). Suppose -6*j + 5*n = -3*j - 60, -15 = -w*j - 5*n. What is the tens digit of j?
1
Let w(b) = 4*b**2 + 2*b - 2. Let z be w(-3). Suppose -z = -3*o - o. What is the units digit of o?
7
Suppose -4*l + 5 = -11. Let m(y) = 6 + 4*y - l*y + 3*y - y. What is the tens digit of m(5)?
1
Suppose 4*p = -5*s + 18, -3*s + 1 + 3 = -p. Suppose 10 = s*j - j. What is the tens digit of j?
1
Suppose g = -4*g - l + 18, 3*g = -3*l + 18. Suppose -9 - 18 = g*m. Let v = m + 13. What is the units digit of v?
4
Let b(p) = p**2 - 5*p + 5. Let j = 184 - 316. Let f be 4/14 + j/(-28). What is the units digit of b(f)?
5
What is the units digit of -4*1/(-4) - -3*41?
4
Suppose 9 = -2*j - 1. Let i = -2 - j. Suppose -i*f = -2*f - 14. What is the tens digit of f?
1
Let d(i) = i + 6. Let j be d(0). What is the units digit of 3/j*-2 + 8?
7
Let l(s) = -s - 4. Let q be l(-10). Let f be ((-2)/4)/((-2)/(-16)). Let x = q + f. What is the units digit of x?
2
Suppose 3*v = -5*y + 304, -5*v + y = -v - 390. What is the tens digit of v?
9
Let k(u) = -4*u + 5. Let s(r) = 9*r - 11. Let p(g) = 13*k(g) + 6*s(g). What is the units digit of p(4)?
7
Suppose 4*u = -2*f + 16, -2*u - u = -5*f + 14. Suppose 2*k + 3*x = 63, -2*k = -u*x + 23 - 111. What is the tens digit of k?
3
Suppose 2*b + 12 = -2*y, -5*y + b + 4*b + 20 = 0. Let j = 2 - y. Suppose -j*s - 8 = -4*s. What is the units digit of s?
8
Let q(u) = -4*u**3 + 9*u**2 + 8*u + 19. Let d(g) = -7*g**3 + 17*g**2 + 16*g + 38. Let p(a) = -3*d(a) + 5*q(a). What is the units digit of p(8)?
5
Suppose -5*f + 1 = 3*r, 3*f + 2*f - 2*r = 16. Suppose -2*s = f*s + 4. What is the units digit of (-9)/(-6)*s*-2?
3
Let t be 0*3/(-9) - -13. Let u = t + -5. What is the units digit of u?
8
Suppose 3*v - 4*v + 19 = 0. What is the units digit of v?
9
Suppose -3*f + 11 - 78 = -m, -4*m + 298 = -2*f. What is the units digit of m?
6
Let h(t) = 3*t**2 + 5*t + 1. What is the units digit of h(3)?
3
Let y = 247 - 89. What is the units digit of y?
8
Let i be 1*2*3/2. Suppose q = 7 - i. Suppose z - 10 = -2*r + 3*z, -3*z - 19 = -q*r. What is the units digit of r?
4
Suppose 0 = -3*r - 0 - 3. Suppose 2*j - 9 - 1 = 2*b, -3*b - 17 = -5*j. Let q = r - b. What is the units digit of q?
3
Let r(a) = 9*a**2 - 4*a - 4. What is the tens digit of r(3)?
6
Let w = 162 + -115. What is the tens digit of w?
4
Suppose -64 = -4*m + 132. What is the tens digit of m?
4
Let u = 17 - 16. Let d be 2/4*(-1 + 9). Suppose 2*h - u - 23 = -d*j, 0 = -5*h - 4*j + 48. What is the units digit of h?
8
Let a(q) = -q**3 + 6*q**2 - 2*q - 3. What is the units digit of a(4)?
1
Suppose y + 0*y = i + 4, -5*y - 4*i = 16. Suppose y = -d + 5 - 2. Suppose -2*m = d - 7. What is the units digit of m?
2
Let t(y) = 8*y**2 + y. Let s be t(-1). Suppose x - 5*a = 32, 3*x - 17 = -3*a + s. What is the units digit of x?
2
Let h(u) = -2*u**3 - 3*u**2 + u + 5. Let k(q) = -4*q**3 - 6*q**2 + 2*q + 11. Let p(c) = 7*h(c) - 3*k(c). What is the units digit of p(-2)?
4
Let i(u) = u**2 - 3*u + 4. Let m be i(6). Suppose -m = -t + q, 4*t + 0*t = -2*q + 76. Suppose 12 = 4*y - t. What is the units digit of y?
8
Let b(j) = 150*j**3 - j**2 - j + 2. What is the hundreds digit of b(1)?
1
Suppose 22 = 3*a - 137. What is the units digit of a?
3
Suppose -4*b - 3*h + 13 = -12, 2*h - 10 = -b. Suppose 2*a + 8*w - b*w - 64 = 0, a = -w + 33. What is the tens digit of a?
3
Suppose o = -9 - 27. Let z = -17 - o. Let f = z - 13. What is the units digit of f?
6
Suppose 0 = o - 4*z - 34, 2*o + 3*z + 147 = 5*o. Suppose 0 = -0*v - 3*v + 3*u + o, 5*v - 84 = -u. What is the units digit of v?
7
Suppose 2*r + 3*u - 15 = 0, -3*r - r + 2*u = -6. Suppose -r*w + 15 = 0, -3*b - 3*w + 25 + 14 = 0. Suppose -y - y = -b. What is the units digit of y?
4
Let o(u) = u**3 + 6*u**2 + 3*u. Let r = -7 - -4. Let n be o(r). Suppose -y = 2*y - n. What is the units digit of y?
6
Let a be 0*2/(-1 + -3). Suppose -5*l + 78 = 5*o + 3, a = 4*o + 2*l - 58. What is the units digit of o?
4
Suppose -4*o = o + 10. Let i(j) = 2*j**2 + 1. What is the units digit of i(o)?
9
Suppose v + 4*v + 10 = 0, 3*v - 164 = -5*a. What is the tens digit of a?
3
Let z(j) = j**3 + 6*j**2 - 8*j - 2. Let w be z(-7). Suppose w = l - 1. Suppose k + 55 = l*k. What is the tens digit of k?
1
Suppose 0 = -2*n + w + 16, -4*n + 2*w = n - 40. Suppose -i + 19 = m + 3*m, -4*i + n = -m. Suppose -m*b - 1 = -25. What is the units digit of b?
6
Suppose -r = 3*r - 96. Suppose 4*k = -4, 4*f + 2*k = 6*k + r. What is the tens digit of (2*-11)/(3 - f)?
1
Suppose 0 = 4*u - 98 - 318. What is the tens digit of u?
0
Suppose -m + 0*m + 31 = 0. What is the units digit of m?
1
Suppose w + 0*w = 5. Let d(s) = 12*s. Let y be d(1). Let o = y - w. What is the units digit of o?
7
Suppose 0*p - 3*p + 18 = 2*w, w - 4*p = -13. Suppose 3*x + w*n = 2*n + 6, -x - 6 = 3*n. What is the units digit of x?
3
Let f = -60 + 36. Let u = f - -37. What is the units digit of u?
3
What is the tens digit of (-3)/4 + 460/16?
2
Suppose 0 = -t + 3*b + 31, -2*t + b + 141 = 3*t. What is the tens digit of t?
2
Let q = 87 - 24. What is the units digit of q?
3
Let j(b) = -b**3 - 2*b**2 - 5*b + 7. What is the tens digit of j(-4)?
5
Let b be (2/3)/(4/18). What is the units digit of (-1)/3 - (-13)/b?
4
Let o(x) = -x + 9. Let p = -4 - -24. Suppose -2*n = 3*t - p, 2*n + 0*t - 24 = -5*t. What is the units digit of o(n)?
2
Suppose 0 = -3*d + 5 + 19. Let t = d - 2. What is the units digit of t?
6
Let v(j) = 2*j - 6. Let p be v(5). Suppose -3*k + 40 = p*f, -5*k + 4*f + 44 = -k. What is the units digit of k?
2
Let r(k) = -2*k - 2. Let f(b) = b**3 - 3*b**2 - 2*b + 4. Let v be f(3). Let h be r(v). Suppose -4 = o - h*o. What is the units digit of o?
4
Let p(y) = y. Let k be p(5). Suppose -k*i + 18 + 2 = 0. Suppose -2*b - 18 = -i*